- 122011?
-122021
In base 3, what is -11 - 10020?
-10101
In base 16, what is -4 - 58b?
-58f
In base 15, what is -b4 + 4?
-b0
In base 4, what is -33310 + 100?
-33210
In base 6, what is -404 - -10?
-354
In base 4, what is -12 + 333?
321
In base 14, what is -7a1 - -1?
-7a0
In base 4, what is -20211 + -20?
-20231
In base 4, what is -3100 - -10?
-3030
In base 12, what is 2 + 506?
508
In base 11, what is -9 + -3?
-11
In base 5, what is 0 - 1214?
-1214
In base 3, what is -1 - 10220111?
-10220112
In base 15, what is 2 - -82?
84
In base 5, what is -4 - -12?
3
In base 4, what is -22 + -1?
-23
In base 4, what is 101 - 132?
-31
In base 13, what is 1 - 270?
-26c
In base 4, what is 123 - -21?
210
In base 4, what is 3 - 122031?
-122022
In base 14, what is -28 + 1a?
-c
In base 2, what is -1000100 + -101?
-1001001
In base 5, what is 42441 + 10?
43001
In base 10, what is -370 + 4?
-366
In base 13, what is -26 + 10?
-16
In base 16, what is 4 - -b?
f
In base 4, what is -3 - -1?
-2
In base 3, what is 1002 - 10212?
-2210
In base 10, what is 19 + 26?
45
In base 6, what is -101 - -10?
-51
In base 7, what is -16 + 13?
-3
In base 10, what is 44 - -9?
53
In base 14, what is -31 + -39?
-6a
In base 2, what is -11 + 100111?
100100
In base 7, what is 4 + -24?
-20
In base 3, what is 11 - -10022?
10110
In base 12, what is -b8 - -65?
-53
In base 11, what is 2aa20 + 0?
2aa20
In base 10, what is -73 - 4?
-77
In base 10, what is 15 + -5?
10
In base 8, what is -435 + 1?
-434
In base 15, what is 3 + 2d?
31
In base 7, what is -303 - 135?
-441
In base 8, what is 2 + 1637?
1641
In base 2, what is 110011010010 - 101?
110011001101
In base 5, what is 401 + 3?
404
In base 4, what is 123112 - 2?
123110
In base 9, what is 4 + 76?
81
In base 4, what is -10 - -330?
320
In base 5, what is -210 - -44?
-111
In base 6, what is -12 - -122?
110
In base 6, what is -142 + -34?
-220
In base 4, what is 0 + 130330?
130330
In base 7, what is 12330 - 6?
12321
In base 7, what is -4 - -224?
220
In base 2, what is 100 - 100000011110?
-100000011010
In base 10, what is 35 - 24?
11
In base 4, what is -30100 + 11?
-30023
In base 12, what is -19 + a5?
88
In base 11, what is -a0 - -1?
-9a
In base 10, what is 311 - 17?
294
In base 5, what is 30221 - -1?
30222
In base 11, what is 3 + -51?
-49
In base 4, what is 22 - -122?
210
In base 9, what is -4 + -116?
-121
In base 2, what is -100101 + 1100?
-11001
In base 3, what is 10 + 100?
110
In base 16, what is 0 - 3a9?
-3a9
In base 15, what is -37 + 6?
-31
In base 13, what is b21 + -b?
b13
In base 8, what is -467 + 3?
-464
In base 5, what is -1023 + -4?
-1032
In base 5, what is -3 + 241420?
241412
In base 15, what is -e6 + 5?
-e1
In base 3, what is 0 - 1110?
-1110
In base 16, what is -5 - -712?
70d
In base 5, what is 30144 - -2?
30201
In base 11, what is 113 - -2?
115
In base 7, what is -4 + -30?
-34
In base 16, what is 1 + 283?
284
In base 5, what is 1 - 113?
-112
In base 14, what is -1 - 12a?
-12b
In base 7, what is 2 - 300?
-265
In base 12, what is 3 + a?
11
In base 5, what is 2 + -1101?
-1044
In base 14, what is -6 - -141?
139
In base 14, what is -1c + 65?
47
In base 7, what is 1 - 322?
-321
In base 2, what is 111111 - 0?
111111
In base 4, what is -221 - 11?
-232
In base 9, what is 62 + -6?
55
In base 10, what is 0 - -467?
467
In base 4, what is -21 - 23031?
-23112
In base 2, what is -101001110 - -100?
-101001010
In base 14, what is 17 - 8?
d
In base 2, what is -1 - 1001001010111?
-1001001011000
In base 14, what is -54 - 1?
-55
In base 14, what is 5 - 6a?
-65
In base 4, what is 11 - -10333?
11010
In base 16, what is -1 + 862?
861
In base 11, what is a + 85?
94
In base 2, what is -11010001 + 1?
-11010000
In base 8, what is -142 - 17?
-161
In base 11, what is -1193 - -4?
-118a
In base 11, what is -5 - -4605?
4600
In base 14, what is 4 - 91d?
-919
In base 3, what is -22 - -11010012?
11002220
In base 10, what is 3769 + -2?
3767
In base 16, what is -156 + -1?
-157
In base 2, what is 11 - 101?
-10
In base 3, what is -1000 + 12012?
11012
In base 13, what is 366 - -5?
36b
In base 5, what is -1223 + -13?
-1241
In base 5, what is -31 - 144?
-230
In base 10, what is -2009 - 1?
-2010
In base 2, what is -110110 - -100100?
-10010
In base 11, what is -1a - 278?
-297
In base 14, what is -5 - -8d?
88
In base 11, what is 1a0 + -2?
199
In base 4, what is -11021 + -2?
-11023
In base 15, what is -1 + -d0?
-d1
In base 16, what is 3 + 22?
25
In base 8, what is -1 - 5?
-6
In base 14, what is 402 + -3?
3dd
In base 12, what is 3 + 13b?
142
In base 12, what is 3 - -81?
84
In base 13, what is 4 - -103?
107
In base 8, what is 14 - -320?
334
In base 8, what is 121 + 12?
133
In base 12, what is 12a - -1?
12b
In base 15, what is -1 + 238?
237
In base 14, what is 1 + 498?
499
In base 15, what is -4 + 60?
5b
In base 12, what is 36 + -5?
31
In base 5, what is -23 + 1?
-22
In base 13, what is 16 + 30?
46
In base 5, what is -1124 + 0?
-1124
In base 7, what is -1045 - 5?
-1053
In base 10, what is -2 + 290?
288
In base 4, what is -13 + -211?
-230
In base 16, what is b6 - -4?
ba
In base 10, what is -158 + 0?
-158
In base 7, what is 11264 + -3?
11261
In base 3, what is 112 + 101?
220
In base 6, what is 15 + 451?
510
In base 9, what is -4 + -6?
-11
In base 6, what is 21 - 12?
5
In base 7, what is 6461 + -5?
6453
In base 9, what is 3 + 10?
13
In base 12, what is 2 + -17?
-15
In base 6, what is 3435 + -2?
3433
In base 6, what is -5 + 1501?
1452
In base 12, what is -1b + -83?
-a2
In base 4, what is 1000 + 20?
1020
In base 9, what is 61 + 134?
205
In base 5, what is -324 - -103?
-221
In base 9, what is 2 - 100?
-87
In base 8, what is -54411 - -4?
-54405
In base 3, what is -1 + -2020?
-2021
In base 14, what is c + -38?
-2a
In base 15, what is -2 + -509?
-50b
In base 7, what is 46534 + 1?
46535
In base 4, what is 120130 - -3?
120133
In base 3, what is 11 - -12202202?
12202220
In base 5, what is 1 - 233?
-232
In base 16, what is e1 - -3?
e4
In base 10, what is 6 + -1426?
-1420
In base 2, what is 10010100 + 100?
10011000
In base 10, what is 1281 + -1?
1280
In base 6, what is -3 - -10?
3
In base 16, what is -2f + 6?
-29
In base 3, what is 10 + -1221?
-1211
In base 3, what is 1 - 122022?
-122021
In base 14, what is 54b - -2?
54d
In base 16, what is -8a - 3?
-8d
In base 2, what is 11 + -1001011?
-1001000
In base 7, what is 5443 + 6?
5452
In base 2, what is -11 + 10110001?
10101110
In base 5, what is 100 + 2?
102
In base 3, what is 21 - -20210?
21001
In base 13, what is 0 - 39?
-39
In base 7, what is 200 - -5?
205
In base 10, what is 9 - 395?
-386
In base 9, what is -15842 - -2?
-15840
In base 3, what is 20101 - 2?
20022
In base 2, what is 111 - -100101010?
100110001
In base 7, what is -60 + -5?
-65
In base 11, what is 1223 + -3?
1220
In base 7, what is 26 - 4?
22
In base 15, what is 3 - 1147?
-1144
In base 3, what is 1211 - 220?
221
In base 6, what is -24105 - 3?
-24112
In base 12, what is -48a + -3?
-491
In base 8, what is 13 - 77?
-64
In base 16, what is b + -1d?
-12
In base 10, what is 376 - -8?
384
In base 3, what is 1 + 1100120?
1100121
In base 8, what is -336 - -1?
-335
In base 6, what is -522 + -5?
-531
In base 2, what is -110110101 + -10?
-110110111
In base 2, what is -11000 + -10101101100?
-10110000100
In base 3, what is -11202 + -101?
-12010
In base 12, what is -6 - -178?
172
In base 15, what is -1 + 4b5?
4b4
In base 3, what is -212100 - 200?
-220000
In base 11, what is 94 + -1?
93
In base 12, what is -5 - -28?
23
In base 13, what is -2 - -bb?
b9
In base 8, what is -605 + 4?
-601
In base 2, what is -10 - -10001010?
10001000
In base 2, what is -1010000 + 0?
-1010000
In base 5, what is -30 + -4?
-34
In base 5, what is 304241 - 10?
304231
In base 7, what is -33 + -44?
-110
In base 15, what is 21 - 7c?
-5b
In base 10, what is 1155 - 3?
1152
In base 7, what is 5 - 340?
-332
In base 16, what is 5 - 1a?
-15
In base 4, what is 1 - 223?
-222
In base 4, what is 0 - -211320?
211320
In base 14, what is -6 + 1a2?
19a
In base 3, what is -12201 - 12?
-12220
In base 6, what is 10 - 243?
-233
In base 12, what is -5 - 13b?
-144
In base 8, what is 73 - -153?
246
In base 7, what is 40 + -111?
-41
In base 14, what is 100 + 2?
102
In base 7, what is 4 + 115?
122
In base 6, what is -4 + 1150?
1142
In base 15, what is -9 + -1?
-a